)/(-1)*10/m. Suppose -6*a + 3*a + 2*v + 30 = 0, -2*v - 50 = -5*a. What is the greatest common factor of r and a?
10
Suppose 2*d + 0*c + 3*c = 12, -17 = -d + 4*c. Let y = -4 + 9. Suppose y*v - 405 = 3*x, -4*x + 324 = 3*v + v. What is the highest common factor of d and v?
9
Let s(m) = -m**3 + 15*m**2 + 12*m - 24. Let l be s(15). Calculate the highest common factor of 12 and l.
12
Suppose -27*m + 2*z + 16 = -25*m, -4*m + 2*z = -28. Calculate the highest common factor of m and 678.
6
Suppose -3*l + 29 = 5. Let m be l/(-20) + 27/5. What is the highest common divisor of 45 and m?
5
Let s(y) be the first derivative of y**3/3 + 4*y**2 + 14*y + 1. Let q be s(-6). Let p be (1/(-3))/(q/(-6)). What is the greatest common factor of p and 3?
1
Let d be (-94)/(-7) + -6 + (-39)/(-7). Suppose x + 348 = d*x. What is the highest common divisor of x and 116?
29
Suppose 4*p + 541 = 4*o + 3*p, 4*o - 5*p = 529. Calculate the highest common factor of o and 238.
34
Let x be 4/(-2) + 1 - -29. Suppose -4*a = -2*d + 3*d - 59, -3*a = d - 45. What is the greatest common factor of a and x?
14
Suppose -12 = -4*l, 0 = -2*p + 3*p + 3*l - 75. What is the greatest common factor of 726 and p?
66
Let l(t) = t**3 - 6*t**2 + 5*t + 10. Let q(x) = -x**3 - 6*x**2 + 5*x - 9. Let r be q(-7). Let i be l(r). Calculate the highest common divisor of 15 and i.
5
Suppose l = -4*p + 24, -2*l + 21*p - 23*p + 66 = 0. What is the highest common factor of l and 288?
36
Suppose 1489 = 3*d + 1225. What is the highest common divisor of d and 616?
88
Suppose 9 + 2 = d. Suppose 3*k = -23 + 386. Calculate the highest common divisor of d and k.
11
Suppose -4*z = -4*h - 100, -99 = -23*z + 19*z + 3*h. Calculate the highest common factor of z and 184.
8
Let u(c) = -15*c + 395. Let k be u(10). What is the highest common divisor of k and 35?
35
Suppose -35 = -s + u - 6, 0 = -5*s - u + 121. What is the highest common divisor of s and 325?
25
Let t be (53 - 2) + (6 - 8). Let a = 74 - t. What is the highest common divisor of a and 50?
25
Let h be 2 - -7*((-2064)/(-14))/4. Suppose -8*k = 12*k - h. What is the greatest common factor of 286 and k?
13
Let j(d) = d**2 + 15*d - 20. Let u be j(-16). Let z be (-6 - (0 - u))*18/(-15). What is the greatest common factor of z and 20?
4
Suppose -2*p + 104 = 4*k - 5*p, 0 = -2*k + 5*p + 38. Suppose -3*j - 24 = 27. Let s = k + j. What is the highest common divisor of 18 and s?
6
Let r(v) = v**3 + 6*v**2 + 5*v - 2. Let w be r(-5). Let a = 0 - w. Suppose -a*b + 50 = -b. Calculate the greatest common divisor of 10 and b.
10
Suppose 5*g - 105 = -5*b, -3*g + 95 = 3*b + 2*b. Let a(x) = x + 8. Let w be a(-6). What is the highest common factor of w and b?
2
Let k be 4/(8/4)*16. Let f = k - 23. What is the highest common factor of 99 and f?
9
Let d be ((-18)/24)/((-2)/(-16)). Let s(h) = h**2 + 4*h + 2. Let c be s(d). What is the greatest common factor of c and 14?
14
Let x(h) = h**3 + 16*h**2 - 15*h + 49. Let l be x(-17). Suppose -19 = 5*s - 169. What is the greatest common factor of l and s?
15
Let z = 263 - 214. What is the greatest common factor of z and 7?
7
Let m = -99 + 358. Calculate the greatest common divisor of m and 7.
7
Let d(m) = m**2 + 2*m - 4. Let i be d(-3). Let y = i + 7. Suppose 4*s - 47 = z, -2*s + 22 = -y*z + 4*z. What is the greatest common factor of s and 12?
12
Suppose 0 = 2*j + 34*s - 31*s - 783, 0 = 5*j + s - 1925. What is the greatest common factor of j and 6?
6
Let x = 1 + -2. Let a be x - (-1)/(2 - 177/89). What is the greatest common divisor of 11 and a?
11
Suppose 25*g = 16*g + 216. Let t(m) = -3*m + 6. Let l be t(-6). What is the greatest common divisor of l and g?
24
Let o = -12 + 32. Let y = -9 + o. Let l = -103 - -136. Calculate the greatest common divisor of l and y.
11
Let o(i) = -4*i**2 + 2*i**3 - 3*i**3 + i**2. Let d be o(-3). Suppose -t - 4 + 79 = d. Calculate the highest common factor of t and 50.
25
Suppose -51*u - 2499 = -58*u. Calculate the highest common factor of u and 21.
21
Suppose 0 = 3*z - a - 44, -2*z = -13*a + 9*a - 36. What is the greatest common divisor of z and 14?
14
Suppose 2*r - 3 = 5. Suppose 4*h - 3*y = -0*y, h = 5*y. Let f = h + r. Calculate the highest common divisor of f and 20.
4
Suppose 0 = -30*g + 37*g - 294. Calculate the greatest common factor of g and 266.
14
Suppose -1074 = -34*j + 3516. Calculate the greatest common factor of j and 81.
27
Let r be 6/2*1*1. Let b(c) = -4 - 1 - 2*c + c**r + 4*c**2 + 0*c**3 + 2*c**2. Let l be b(-6). Calculate the highest common factor of l and 21.
7
Let q(w) = -w**3 - 4*w**2 - 2*w - 6. Let i be q(-4). Suppose -i*u - 4 = -4*u. Let f be u + 15 - (-2 - -1). What is the greatest common divisor of 72 and f?
18
Suppose 0 = -2*g + 21 + 49. Let n be 357/(-34)*2/(-3). Calculate the greatest common divisor of g and n.
7
Let x(m) = -m**3 - 17*m**2 - 49*m - 13. Let u be x(-14). Calculate the greatest common factor of u and 17.
17
Let m = -4 + 10. Let x be (-12)/(-36) + 214/m. Let i be ((-1)/(-2))/(1/x). What is the highest common divisor of i and 2?
2
Let q = 25 - 25. Suppose 0 = -q*z + 4*z - 12. Suppose -z*g + 364 = 34. Calculate the greatest common divisor of g and 44.
22
Let l be 408/9 - 24/72. What is the greatest common divisor of 81 and l?
9
Suppose 3*a - 5*c - 235 = 0, -2*a - a = 5*c - 215. Suppose 0 = 3*k - 160 - 8. Let w = k - 26. Calculate the greatest common factor of a and w.
15
Let c = 96 - -8. Calculate the highest common divisor of c and 13.
13
Let k = 129 - 72. Let a = k + -52. Let n = 50 - 35. Calculate the greatest common divisor of a and n.
5
Let u(l) = 2*l**2 + 10*l + 21. Let t be u(-5). What is the highest common divisor of 30 and t?
3
Let z(l) = l**3 + 12*l**2 - 5*l - 17. Let u be z(-12). Suppose 3*y - u + 10 = 0. Let t = 28 - 6. What is the highest common factor of t and y?
11
Let h = -206 + 582. Suppose 2*z - 3*z + 84 = -2*m, -5*z - m + h = 0. What is the greatest common factor of z and 19?
19
Let l = -156 - -170. What is the highest common divisor of 301 and l?
7
Let a be 21/(-28) - 5/4. Let u be (a + 2 - 0) + 8. Let r(h) = h**3 - 2*h**2 + 2*h - 3. Let n be r(2). Calculate the greatest common factor of u and n.
1
Let q be (0/2 - 1)*2. Let w = -2 - q. Suppose 3*y - 551 + 23 = w. Calculate the highest common factor of y and 16.
16
Let s(c) be the second derivative of -10*c**3 + 6*c**2 + 42*c - 2. Let w = -7 - -3. Let f be s(w). Calculate the highest common divisor of 36 and f.
36
Let b = -1028 - -1055. What is the greatest common divisor of 117 and b?
9
Suppose 45*c - 55*c + 7680 = 0. What is the highest common factor of 36 and c?
12
Suppose 2*s = 2*z - 3*z - 116, 2*s - z = -116. Suppose -g = 2, c - 4*g - 43 = -3*g. Let w = c - s. Calculate the highest common divisor of 9 and w.
9
Let w be (-604)/(-24) + (-13)/78. Calculate the highest common divisor of 625 and w.
25
Suppose 34 = -2*k + 66. Suppose 5*g - d - k = 2, d = -5*g + 22. What is the highest common divisor of 4 and g?
4
Let w = 469 - 466. Calculate the highest common factor of 753 and w.
3
Let m = -275 + 295. Calculate the highest common divisor of 100 and m.
20
Suppose -7 + 26 = s - 5*u, -2*s + 4*u + 26 = 0. Suppose m - 3 = v - s, 0 = -4*v + m + 30. Calculate the greatest common divisor of 32 and v.
8
Let a = 178 - 148. Calculate the greatest common divisor of 25 and a.
5
Let t be 3 - (-4 + -23 - -3). Let h = t - 21. Suppose -7*w + h*w + 102 = 0. Calculate the highest common divisor of 34 and w.
34
Let s(f) be the second derivative of -7/2*f**2 - 3*f + 0 - 4/3*f**3. Let y be s(-2). What is the highest common factor of y and 6?
3
Let h(s) = 3 - 4*s**3 - 2*s**3 + 0*s**3 + 5*s**3. Let m be h(4). Let p = 99 + m. Calculate the highest common divisor of p and 57.
19
Suppose 4*m + 5*g - 9 = 155, -5*m = -4*g - 164. Let h = 22 - 18. What is the highest common factor of m and h?
4
Let m = -106 + 214. Calculate the highest common factor of 162 and m.
54
Suppose 5*b + 5*a = 225, 2*b + 5*a - 49 = 56. What is the highest common divisor of 8 and b?
8
Let z be (-7715)/(-7) + (-15)/105. Calculate the greatest common factor of z and 19.
19
Let o be ((-5)/(10/(-6)))/(-1) - -6. Calculate the greatest common divisor of o and 31.
1
Suppose 4*p - 456 - 1404 = 0. Calculate the highest common factor of 45 and p.
15
Suppose 0 = -6*i + 22*